{"id":2850,"date":"2022-03-14T20:29:53","date_gmt":"2022-03-14T19:29:53","guid":{"rendered":"http:\/\/biblioteka-milicz.pl\/?page_id=2850"},"modified":"2022-08-23T12:25:15","modified_gmt":"2022-08-23T10:25:15","slug":"oddzial-dzieciecy","status":"publish","type":"page","link":"https:\/\/biblioteka-milicz.pl\/index.php\/oddzial-dzieciecy\/","title":{"rendered":"Oddzia\u0142 Dzieci\u0119cy"},"content":{"rendered":"\n<p><br><strong>Oddzia\u0142 Dzieci\u0119cy<\/strong><br>ul. Pi\u0142sudskiego 14<br>56-300 Milicz<\/p>\n\n\n\n<p><br><strong>Kontakt:<\/strong><br>numer telefonu: 71-38-40-096 wew. 23<br>adres e-mail: <a href=\"mailto:dladzieci@biblioteka-milicz.pl\">dladzieci@biblioteka-milicz.pl<\/a>,  <a href=\"mailto:kontakt@biblioteka-milicz.pl\">kontakt@biblioteka-milicz.pl<\/a><\/p>\n\n\n\n<p><strong>Godziny otwarcia:<\/strong><br>poniedzia\u0142ek: 9:00 \u2013 16:00<br>wtorek: 11:00 \u2013 18:00<br>\u015broda: 10:00 \u2013 15:00<br>czwartek: 11:00 \u2013 18:00<br>pi\u0105tek: 9:00 \u2013 16:00<br>sobota:&nbsp;nieczynne<\/p>\n","protected":false},"excerpt":{"rendered":"<p>Oddzia\u0142 Dzieci\u0119cyul. Pi\u0142sudskiego 1456-300 Milicz Kontakt:numer telefonu: 71-38-40-096 wew. 23adres e-mail: dladzieci@biblioteka-milicz.pl, kontakt@biblioteka-milicz.pl Godziny otwarcia:poniedzia\u0142ek: 9:00 \u2013 16:00wtorek: 11:00 \u2013 18:00\u015broda: 10:00 \u2013 15:00czwartek: 11:00 \u2013 18:00pi\u0105tek: 9:00 \u2013 16:00sobota:&nbsp;nieczynne<\/p>\n","protected":false},"author":1,"featured_media":0,"parent":0,"menu_order":0,"comment_status":"closed","ping_status":"closed","template":"","meta":{"_uag_custom_page_level_css":"","footnotes":""},"class_list":["post-2850","page","type-page","status-publish","hentry"],"uagb_featured_image_src":{"full":false,"thumbnail":false,"medium":false,"medium_large":false,"large":false,"1536x1536":false,"2048x2048":false,"thumb-small":false,"thumb-standard":false,"thumb-medium":false,"thumb-large":false,"thumb-xlarge":false,"thumb-xxlarge":false},"uagb_author_info":{"display_name":"admin","author_link":"https:\/\/biblioteka-milicz.pl\/index.php\/author\/admin\/"},"uagb_comment_info":0,"uagb_excerpt":"Oddzia\u0142 Dzieci\u0119cyul. Pi\u0142sudskiego 1456-300 Milicz Kontakt:numer telefonu: 71-38-40-096 wew. 23adres e-mail: dladzieci@biblioteka-milicz.pl, kontakt@biblioteka-milicz.pl Godziny otwarcia:poniedzia\u0142ek: 9:00 \u2013 16:00wtorek: 11:00 \u2013 18:00\u015broda: 10:00 \u2013 15:00czwartek: 11:00 \u2013 18:00pi\u0105tek: 9:00 \u2013 16:00sobota:&nbsp;nieczynne","_links":{"self":[{"href":"https:\/\/biblioteka-milicz.pl\/index.php\/wp-json\/wp\/v2\/pages\/2850","targetHints":{"allow":["GET"]}}],"collection":[{"href":"https:\/\/biblioteka-milicz.pl\/index.php\/wp-json\/wp\/v2\/pages"}],"about":[{"href":"https:\/\/biblioteka-milicz.pl\/index.php\/wp-json\/wp\/v2\/types\/page"}],"author":[{"embeddable":true,"href":"https:\/\/biblioteka-milicz.pl\/index.php\/wp-json\/wp\/v2\/users\/1"}],"replies":[{"embeddable":true,"href":"https:\/\/biblioteka-milicz.pl\/index.php\/wp-json\/wp\/v2\/comments?post=2850"}],"version-history":[{"count":6,"href":"https:\/\/biblioteka-milicz.pl\/index.php\/wp-json\/wp\/v2\/pages\/2850\/revisions"}],"predecessor-version":[{"id":3625,"href":"https:\/\/biblioteka-milicz.pl\/index.php\/wp-json\/wp\/v2\/pages\/2850\/revisions\/3625"}],"wp:attachment":[{"href":"https:\/\/biblioteka-milicz.pl\/index.php\/wp-json\/wp\/v2\/media?parent=2850"}],"curies":[{"name":"wp","href":"https:\/\/api.w.org\/{rel}","templated":true}]}}